Suppose -4*j + z = -1942, -2*z - z = 6. Calculate the remainder when 980 is divided by j.
10
Suppose 0 = 4*x + m - 2520, -4*x + 2512 = -2*m + m. Let d = -20529 - -20571. What is the remainder when x is divided by d?
41
Suppose 0*j + 7*j = -952. Let t = 176 + j. Let v = -57 - -63. Calculate the remainder when t is divided by v.
4
What is the remainder when 168 is divided by (-468)/(-15) - 388/(-485)?
8
Let u = 4282 + -4230. What is the remainder when u is divided by 45?
7
Let v = -239 - -243. Suppose -v*a = -a + 3*o - 72, -3*a = 4*o - 74. What is the remainder when 260 is divided by a?
18
Let f = 348 - 907. Let m = 580 + f. What is the remainder when 184 is divided by m?
16
Suppose -h = -2*b + 2*h - 19, -3*b - 3*h - 36 = 0. Let y = 24 - b. Suppose -107*l = -278 - 6677. What is the remainder when l is divided by y?
30
Let t(m) = m**3 + 11*m**2 + 6*m + 3. Suppose -269*o + 114 = -1231. What is the remainder when t(-10) is divided by o?
3
Suppose -d - 43 = 28. Let z = -52 - d. Calculate the remainder when z is divided by 8.
3
Suppose 69 = 58*r - 431 - 254. What is the remainder when 6237 is divided by r?
10
Let h = 10 + -6. Let s be (3/9)/(3/(-9)) - -1. Suppose -k - 8 = -w - 2, 5*w - 2*k - 18 = s. What is the remainder when h is divided by w?
0
Let m = 15346 - 8600. Calculate the remainder when m is divided by 39.
38
Let r = -606 - -1753. What is the remainder when r is divided by 227?
12
Suppose -15*g - 582 = -102. Suppose 0 = -l + 2*z + 42, 2*l = z + 124 - 34. Let m = g + l. What is the remainder when m is divided by 5?
4
Let l(d) = 3*d**3 + d**2 + 1. Suppose 3*x + 2*t = 3*t + 2, x - 18 = -4*t. Calculate the remainder when 110 is divided by l(x).
23
Suppose -5216 = -21*i + 5*i. What is the remainder when 987 is divided by i?
9
Let p(g) = g**2 + 4*g + 3. Suppose -8*x = 9*x + 5746. Let h = x - -341. What is the remainder when p(-5) is divided by h?
2
Let v(a) = 5*a**2 - 3*a + 3. Let h = 50 + 170. Let q = h - 153. What is the remainder when q is divided by v(2)?
16
Suppose 3*i + 190 = -4*x - 117, -x = 2*i + 78. Let f = x - -98. Suppose 0 = -f*w + 20*w + 36. What is the remainder when 161 is divided by w?
17
Calculate the remainder when 318 is divided by 786/36 + (5 - -1)/108*-15.
3
Let p(v) = -3*v**2 - 6*v + 3. Let u be p(-6). Let z = 97 + u. Suppose 10*n - 685 = -515. What is the remainder when z is divided by n?
11
Let o be (-5)/2*12/(-30)*4. Let l be o/8 + 33/6. Suppose -s - 5*c + l = -13, -51 = -4*s + 5*c. Calculate the remainder when 46 is divided by s.
4
Suppose 0 = -43*m + 49*m - 6444. Calculate the remainder when m is divided by 90.
84
What is the remainder when 333814/37 + 30 + 0 + -3 is divided by 31?
28
Let y(d) = -12 - 3*d + 0*d + d - 8. What is the remainder when 136 is divided by y(-24)?
24
Let x = 621 + -429. Suppose x = -10*s + 402. What is the remainder when 46 is divided by s?
4
Suppose -23*p + 10950 = -p + 28*p. Calculate the remainder when 1097 is divided by p.
2
Suppose 0 = 15*j - 66 - 558 - 3951. What is the remainder when 909 is divided by j?
299
Suppose -117 = -4*f + 2256*h - 2259*h, 0 = -4*f + h + 121. Calculate the remainder when 1012 is divided by f.
22
Let z be 44/(-33) - 68/(-6). Let w(o) = 2*o**2 - 4*o - 104. What is the remainder when 205 is divided by w(z)?
37
What is the remainder when 1072/2 + (-63 - -52 - (-2 - 6)) is divided by 16?
5
Suppose 202457 = 126*n + 67*n. What is the remainder when n is divided by 85?
29
Suppose 905 + 2530 = 3*w. What is the remainder when w is divided by 1137?
8
Let q(h) = h**3 - 13*h**2 + 38*h + 3. Let v = -652 - -661. What is the remainder when q(v) is divided by 11?
10
Let h = 2137 + -2121. Let l = -16 + 31. Let q = l + h. What is the remainder when 60 is divided by q?
29
Let o(l) = -455 + 127 + 155 - 3*l - l**3 + 149 - 17*l**2. Let d be -17 + (3 - 2) + -1. What is the remainder when 63 is divided by o(d)?
9
Suppose 12 = -2*b + 5*m + 40, -3*b - 4*m - 4 = 0. Suppose 3*q + 4390 = 5*j, -b*q + 6*q = -4*j + 3490. What is the remainder when j is divided by 12?
11
What is the remainder when ((-153)/6)/((-4)/(-16) - (-2522)/(-9776)) is divided by 23?
22
Let v = -9 - -14. Let i = -1091 + 1091. Suppose v*w = -i*w + 160. Calculate the remainder when w is divided by 17.
15
Calculate the remainder when 7656 - (-414)/((-234)/13) is divided by 46.
43
Let g(k) = 3*k**2 + 55*k - 22. Suppose -5*n - 18*n = -3634. What is the remainder when n is divided by g(-19)?
14
Suppose -4*z + 36 = 8*z. Suppose 3*y + 4*u = 8*u + 23, -3*y = -z*u - 21. Calculate the remainder when 28 is divided by y.
3
Suppose -2*b + 134 = 2*n, -3*b - 2*b + 323 = n. Let j = 96 - b. What is the remainder when 26 is divided by (9/(-6))/((-6)/j)?
2
Let t(v) = -2*v**3 + 23*v**2 + 68*v + 1. What is the remainder when 114 is divided by t(-3)?
56
Let r(w) = w + 45. Let d be r(-13). Let p = 5 + d. Calculate the remainder when 182 is divided by p.
34
Suppose 63*y - 67*y = -d - 8029, 2*y + 2*d - 4032 = 0. Calculate the remainder when y is divided by 134.
133
Suppose -3*x = -3 - 6. Suppose -1 = -x*b + 71. What is the remainder when b is divided by (0 - 5) + 2 + 1*10?
3
Let b(l) = 4*l**3 - 155*l**2 - 24*l - 111. Calculate the remainder when b(39) is divided by 99.
78
Let c(y) = 5*y**2 + 101*y + 310. What is the remainder when 39622 is divided by c(-3)?
50
Let j be (-46)/(-7) - 6/(-14). Suppose j*f = 3*f - 216. Let h = f + 63. What is the remainder when 11 is divided by h?
2
Let l be 2/(-12) - 41770/(-60). Let b = -684 + l. Calculate the remainder when 130 is divided by b.
10
Let a = 1562 - 1498. What is the remainder when 306 is divided by a?
50
Let r = 46204 + -46190. Let o = -128 + 181. What is the remainder when o is divided by r?
11
Let d = -79 - -121. Let c = -8 + d. Suppose -c*j - 16 = -35*j. What is the remainder when 95 is divided by j?
15
Let p(k) = -6*k**2 - 124*k - 198. What is the remainder when 1603 is divided by p(-13)?
3
Let q(y) = -y**2 - 6*y + 8. Calculate the remainder when (351/(-26) - -13) + 143/2 is divided by q(-6).
7
Let d = 1054 - 1019. Calculate the remainder when 864 is divided by d.
24
Let k(u) = u**3 - 4*u**2 - 6*u + 10. Let c be k(5). Suppose -c*z = -w + 148 - 497, 0 = -4*z - 3*w + 283. Calculate the remainder when 349 is divided by z.
69
Let d be ((-174)/145)/(4/(-10)). Calculate the remainder when 39 is divided by 30/(d/1 - 1).
9
Let d = 75 - 65. Let c be (48 + 1)/((-5)/d). Let x = -57 - c. Calculate the remainder when 78 is divided by x.
37
Let t(j) = -2*j**3 - 37*j**2 + 18*j + 66. Calculate the remainder when 692 is divided by t(-19).
12
Suppose -24270 = 8*k - 33*k + 17505. What is the remainder when k is divided by 70?
61
Let o(u) = -2*u + 248. Suppose 60 = x - c, -126*c - 72 = -x - 129*c. Calculate the remainder when o(0) is divided by x.
59
Suppose 30*j + 10249 + 14159 = 54*j. What is the remainder when j is divided by 65?
42
Suppose -m - m - 2*t = 238, 2*t = 2*m + 242. Let i = -122 - m. Let b(f) = 7*f**2 + 3*f + 7. What is the remainder when b(i) is divided by 17?
12
Let j = 206 - 83. Let k(o) = o**3 - 25*o**2 + 20*o + 158. What is the remainder when j is divided by k(24)?
61
Let l = -465 - -322. Let i be (-2739)/l + (-4)/26. Suppose -101 = -z - 3*t + i, t = -3*z + 352. What is the remainder when z is divided by 24?
21
Let k = -3288 - -3314. Calculate the remainder when 96 is divided by k.
18
Calculate the remainder when 49 is divided by (-6)/(-27) + ((-5750)/45)/(-10).
10
Let y = -381 - -393. Let n(q) = q**3 - 15*q**2 + 37*q + 4. Suppose 5*k = 232 + 3. Calculate the remainder when k is divided by n(y).
15
Suppose -229 = -3*o - 1. Suppose -3*x = -8 - o. What is the remainder when 49 is divided by x?
21
Suppose a = -2*q + 399, 4*q + 47 - 55 = 0. Calculate the remainder when a is divided by 48.
11
Let g be 10*(-2)/4*-3. Suppose -128 = -2*q - 4*z, 0 = 5*q - 0*q - 2*z - 368. Calculate the remainder when q is divided by g/((4/((-16)/(-20)))/5).
12
Let z(r) = -r**3 + 7*r**2 - 9*r + 4. Let b be z(5). Suppose b*j = 1 + 44. What is the remainder when 25 is divided by j?
0
Suppose 23*u - 31*u - 40 = 0. Calculate the remainder when 88 is divided by (-163)/u - 44/(-110).
22
Let p(t) = -2*t**2 - 3*t + 11. Let j = 48 - 55. Let d be p(j). Let s = d - -202. What is the remainder when s is divided by 35?
31
Let i(f) = 2*f